{"id":157,"date":"2026-02-08T15:37:53","date_gmt":"2026-02-08T14:37:53","guid":{"rendered":"https:\/\/www.dona.at\/?page_id=157"},"modified":"2026-02-08T17:27:19","modified_gmt":"2026-02-08T16:27:19","slug":"ueber-mich","status":"publish","type":"page","link":"https:\/\/www.dona.at\/?page_id=157","title":{"rendered":"\u00dcber mich"},"content":{"rendered":"\n<div style=\"height:50px\" aria-hidden=\"true\" class=\"wp-block-spacer\"><\/div>\n\n\n\n<h2 class=\"wp-block-heading alignwide\" style=\"margin-top:var(--wp--preset--spacing--40);margin-bottom:var(--wp--preset--spacing--40)\">\u00dcber mich<\/h2>\n\n\n\n<div class=\"wp-block-columns alignwide is-layout-flex wp-container-core-columns-is-layout-28f84493 wp-block-columns-is-layout-flex\">\n<div class=\"wp-block-column is-layout-flow wp-block-column-is-layout-flow\">\n<p>Ich bin Daniel, Raumausstatter mit \u00fcber 20 Jahren Erfahrung.<\/p>\n\n\n\n<p>Meine berufliche Basis habe ich bei <strong>Weiler M\u00f6bel<\/strong> gelegt, wo ich meine Lehre absolviert und im Anschluss lange Jahre als Geselle gearbeitet habe. Diese Zeit hat mich stark gepr\u00e4gt: pr\u00e4zises Arbeiten, hochwertige Materialien und jeden Tag eine neue Herausforderung.<\/p>\n\n\n\n<p>Als das Unternehmen seine T\u00fcren schloss, war f\u00fcr mich klar: Ich mache weiter \u2013 selbstst\u00e4ndig, pers\u00f6nlich und mit vollem Einsatz &#8211;  und habe 2022 den Schritt in die Selbstst\u00e4ndigkeit gewagt.<\/p>\n\n\n\n<p>Heute f\u00fchre ich mein Einpersonenunternehmen mit dem Anspruch, jedes Projekt pers\u00f6nlich zu begleiten \u2013 vom ersten Gespr\u00e4ch bis zum letzten Handgriff.<\/p>\n\n\n\n<p>Was mich auszeichnet:<\/p>\n\n\n\n<ul class=\"wp-block-list\">\n<li><strong>Langj\u00e4hrige Erfahrung<\/strong>, die man sieht und sp\u00fcrt<\/li>\n\n\n\n<li><strong>Individuelle Beratung<\/strong>, die auf Ihre W\u00fcnsche eingeht<\/li>\n\n\n\n<li><strong>Zuverl\u00e4ssigkeit und Handschlagqualit\u00e4t<\/strong><\/li>\n\n\n\n<li><strong>Saubere, pr\u00e4zise Arbeit<\/strong> mit Blick f\u00fcrs Detail<\/li>\n<\/ul>\n\n\n\n<p>Ich w\u00fcrde mich freuen, wenn ich auch Sie in der Gestaltung Ihrer R\u00e4ume unterst\u00fctzen darf.<\/p>\n<\/div>\n\n\n\n<div class=\"wp-block-column is-layout-flow wp-block-column-is-layout-flow\"><\/div>\n<\/div>\n","protected":false},"excerpt":{"rendered":"<p>\u00dcber mich Ich bin Daniel, Raumausstatter mit \u00fcber 20 Jahren Erfahrung. Meine berufliche Basis habe ich bei Weiler M\u00f6bel gelegt, wo ich meine Lehre absolviert und im Anschluss lange Jahre als Geselle gearbeitet habe. Diese Zeit hat mich stark gepr\u00e4gt: pr\u00e4zises Arbeiten, hochwertige Materialien und jeden Tag eine neue Herausforderung. Als das Unternehmen seine T\u00fcren [&hellip;]<\/p>\n","protected":false},"author":1,"featured_media":0,"parent":0,"menu_order":0,"comment_status":"closed","ping_status":"closed","template":"page-no-title","meta":{"footnotes":""},"class_list":["post-157","page","type-page","status-publish","hentry"],"_links":{"self":[{"href":"https:\/\/www.dona.at\/index.php?rest_route=\/wp\/v2\/pages\/157","targetHints":{"allow":["GET"]}}],"collection":[{"href":"https:\/\/www.dona.at\/index.php?rest_route=\/wp\/v2\/pages"}],"about":[{"href":"https:\/\/www.dona.at\/index.php?rest_route=\/wp\/v2\/types\/page"}],"author":[{"embeddable":true,"href":"https:\/\/www.dona.at\/index.php?rest_route=\/wp\/v2\/users\/1"}],"replies":[{"embeddable":true,"href":"https:\/\/www.dona.at\/index.php?rest_route=%2Fwp%2Fv2%2Fcomments&post=157"}],"version-history":[{"count":4,"href":"https:\/\/www.dona.at\/index.php?rest_route=\/wp\/v2\/pages\/157\/revisions"}],"predecessor-version":[{"id":183,"href":"https:\/\/www.dona.at\/index.php?rest_route=\/wp\/v2\/pages\/157\/revisions\/183"}],"wp:attachment":[{"href":"https:\/\/www.dona.at\/index.php?rest_route=%2Fwp%2Fv2%2Fmedia&parent=157"}],"curies":[{"name":"wp","href":"https:\/\/api.w.org\/{rel}","templated":true}]}}